= -k, j = t*k - 49. What is the highest common divisor of 170 and k?
17
Let s(n) = -4*n**2 + 8. Let w be s(2). Let p be ((-12)/w)/((-9)/(-264)). What is the greatest common divisor of 44 and p?
44
Let i be (-2)/(-4 - 86/(-22)). Let k be (-705)/(-55) - (-4)/i. Let a = 223 - 106. Calculate the greatest common factor of a and k.
13
Suppose 4*g - 6 = 4*d + 2, -3*d + 18 = 3*g. Suppose -4*u - 24 = -g*i, -58 + 10 = -4*i - 2*u. Calculate the highest common factor of 10 and i.
10
Let m(z) = z**2 - 18*z + 1. Suppose 0 = -38*b + 43*b - 95. Let c be m(b). Calculate the greatest common divisor of 10 and c.
10
Suppose 9*p = -6*p + 75. Suppose 0 = -3*v - 2*v + p. Let a be (9*1)/(0 - -1). Calculate the greatest common divisor of a and v.
1
Let s(c) = c**3 + 17*c**2 - 22*c - 10. Let t be s(-17). What is the highest common factor of t and 455?
91
Let j(b) = 14*b**3 + b**2 + 8*b - 6. Let l be j(3). What is the highest common factor of l and 15?
15
Let z(t) = t**2 - 5*t - 2. Let r = 16 + -9. Let y be z(r). Let g = -361 - -421. Calculate the greatest common factor of g and y.
12
Suppose 4*b = -5*c + 901, 0 = -4*c + 4 - 0. Suppose 19*g - 5*g - b = 0. Calculate the greatest common divisor of 128 and g.
16
Let c be (-54)/15*(-5)/2. Let v(o) = 10*o**3 - 3*o**2 - o + 3. Let d be v(1). Calculate the highest common divisor of d and c.
9
Suppose 5*t - r = 6, 6 = -t - r + 3*r. Let o be (-6)/1*1/t. Let v be (0 - (o + 15))/(-2). Calculate the greatest common factor of 2 and v.
2
Suppose x - 6*x = 25. Let n = -1 - x. Let v(o) = -o**2 + 8*o + 4. Let r be v(n). What is the greatest common divisor of r and 10?
10
Let x be (-45)/3*3/(-10)*4. Suppose l + 4*p + x = 3*l, 58 = 5*l + 3*p. What is the highest common divisor of 11 and l?
11
Suppose 107 = c - 233. What is the highest common factor of 85 and c?
85
Suppose -63*a + 53*a = -170. What is the greatest common factor of 187 and a?
17
Suppose -40*r + 1784 = -1016. Suppose -3*m = -7*m. Suppose m = -l - 3*g - 1 + 27, -5*g = -2*l + 8. Calculate the highest common divisor of r and l.
14
Let n be (32/(-20))/(-1) + (-2)/(-5). Suppose -n*z - z + 96 = 0. Calculate the greatest common divisor of 4 and z.
4
Suppose 5*j = 5, 5*q - 18 = -4*j + 21. Suppose 1 = 2*k + q. Let v be (1 - -5)/(k/(-4)). Calculate the highest common divisor of 24 and v.
8
Let v(b) = -2*b**2 + 12 - 17*b + b**2 - 4*b. Let f be v(-19). Calculate the highest common divisor of f and 20.
10
Let a = 214 - 453. Suppose -2*i - 330 = 4. Let d = i - a. What is the highest common factor of 24 and d?
24
Let l be ((-39)/65)/((-1)/10). What is the highest common factor of l and 9?
3
Suppose -22*m + 427 - 119 = 0. Calculate the highest common factor of 427 and m.
7
Suppose 53*a - 48*a = 1680. Calculate the highest common factor of 42 and a.
42
Let w be (-24)/12*466/(-4). Let z = w - 149. What is the highest common factor of z and 12?
12
Suppose 5*d - 3*w - 247 - 30 = 0, -d - 3*w = -59. Calculate the greatest common factor of d and 7.
7
Let q(b) be the first derivative of b**4/4 - 2*b**3 - 2*b**2 - 6*b - 26. Let v be q(7). What is the greatest common divisor of 45 and v?
15
Let x(v) = -17*v + 297. Let d be x(17). What is the greatest common factor of 44 and d?
4
Let y = -69 + 89. What is the highest common divisor of y and 85?
5
Let t(r) = r + 15. Suppose -6 + 57 = -4*y + q, 2*q - 11 = y. Let b be t(y). Calculate the greatest common divisor of b and 16.
2
Suppose -108*v + 112*v = 104. What is the highest common divisor of 1118 and v?
26
Suppose 4*o + 560 = 9*k - 5*k, 5*o = -4*k + 605. Calculate the greatest common factor of 29 and k.
29
Let y(b) = -b**3 + b + 1. Let h be y(-2). Suppose 0 = 6*x - h*x + 35. What is the greatest common divisor of x and 385?
35
Let v(k) = k**3 + 3*k**2 - 12*k + 2. Let p be v(-6). Let y = 35 + p. Calculate the greatest common factor of 2 and y.
1
Let j = -39 + 66. Suppose 2*m - 38 = -4*q, -2*q + 3*m + 9 + 6 = 0. Suppose -4*p = -q*p + 15. Calculate the highest common factor of j and p.
3
Let i(p) be the second derivative of 2*p**3/3 - 2*p**2 - p. Let h = -17 + 21. Let v be i(h). What is the highest common factor of 4 and v?
4
Let i(v) = -v**2 - 15*v - 19. Let u be i(-7). Calculate the highest common divisor of 407 and u.
37
Let l be 26/(-6) - 1/(-3). Let j be 1/((0 - l)/16). Let w be (j/5)/(1/30). What is the greatest common factor of w and 60?
12
Let o be (3/1)/(-3)*-11. Let r = -2 + o. Suppose -2*t = -t - r. Calculate the highest common divisor of t and 18.
9
Suppose 7 = -2*c + 3, -5*g - 5*c + 40 = 0. Calculate the highest common factor of g and 80.
10
Let s be (-1)/(-2) + (-11)/(-2). Let v = 292 - 283. Let f be 802/6 - s/v. Calculate the highest common factor of f and 19.
19
Let n be (-6)/(-8)*32/6. Suppose -2*x - 75 = -c, 0 = n*x - 2*c - 2*c + 160. Let u = 53 + x. What is the greatest common factor of u and 198?
18
Let x(z) = -z**3 - 49*z**2 + 99*z - 147. Let j be x(-51). Calculate the greatest common factor of j and 56.
2
Let o = -2 - -4. Let j(k) be the second derivative of k**5/20 - k**4/12 + 5*k**2/2 + 15*k. Let l be j(0). Calculate the greatest common factor of l and o.
1
Let u = 100 - 75. Let g be (-20 - -12)*u/(-2). Calculate the highest common factor of 40 and g.
20
Suppose 22 + 68 = 5*k. Let p(v) = -2*v**3 - 17*v**2 - 9*v - 6. Let x be p(-8). Suppose -x*b - 24 = -6*b. Calculate the greatest common factor of k and b.
6
Let l(a) = -2*a**3 + 15*a**2 + 17*a - 45. Let z be l(8). What is the highest common divisor of z and 126?
9
Let j(m) = -7*m**2 + 6*m - 2. Let i(z) = -14*z**2 + 11*z - 3. Let g(c) = -6*i(c) + 11*j(c). Let h be g(-2). Calculate the highest common divisor of h and 264.
24
Suppose -12*w - 22 = -14*w + 3*c, 5*w + 3*c = 55. What is the greatest common factor of 11 and w?
11
Suppose -24*p + 27*p - 144 = 0. What is the highest common divisor of p and 516?
12
Let l = -914 + 986. What is the greatest common factor of 48 and l?
24
Let j(c) = -4*c**3 - 3*c + 2. Let h be j(1). Let k be (4/h)/(1/(-10)). Let b(p) = 5*p + 12. Let t be b(12). What is the greatest common factor of t and k?
8
Let n(k) = k + 14. Let c be n(5). Suppose 3*v - 16 = -v. Suppose 3*a = v*t + 5 + 36, -a - 5*t = -39. Calculate the greatest common factor of c and a.
19
Suppose -5*s + 40 + 20 = 0. Suppose 4*q + 0*q = 5*z + 245, -3*q = -2*z - 182. Calculate the highest common divisor of s and q.
12
Let q = 594 - 199. Suppose r = 5*o - q - 239, -4*r = 5*o - 614. What is the greatest common divisor of 84 and o?
42
Let d be ((-6)/(-5) + -2)*35/(-2). What is the greatest common divisor of 364 and d?
14
Let x(b) = 2*b**2 - 24*b - 2. Let h be x(15). Calculate the highest common divisor of 11 and h.
11
Suppose 5*z = -3*k + 95, 0*k - z + 115 = 3*k. Let y(o) = o**3 - o**2 + 32. Let f be y(0). Let n = f + -12. What is the highest common factor of k and n?
20
Let r be 12 - (-7 - (-2 + -6 - -5)). What is the greatest common factor of 184 and r?
8
Let z be -8 + (6/1 - -5). What is the highest common factor of z and 123?
3
Let v = 1 - -9. Let a(z) = 11*z - 13. Let n be a(3). What is the greatest common divisor of n and v?
10
Suppose 3*u - 1 = -2*l + 3, 3*u = 3*l - 21. Suppose -4*r + 3*r - 2*y = -136, 0 = -l*r + 4*y + 610. What is the greatest common divisor of 14 and r?
14
Suppose 0 = j + j - 4. Suppose 4*s = 4, j*s = r + s - 38. Let l(t) = 7*t - 15. Let d be l(4). What is the greatest common factor of r and d?
13
Let z = 35 + -34. Let o be (0 - z - 0)*3. Let k be (-7 - o)/12*-3. What is the greatest common divisor of 2 and k?
1
Suppose -h + 3*h = 22. Suppose 0 = -12*x + h*x + 28. What is the highest common divisor of x and 14?
14
Let w(k) = -k**3 - 9*k**2 - 10*k + 17. Let d be w(-8). What is the greatest common factor of d and 77?
11
Let s(v) be the first derivative of v**2/2 + 15*v - 9. Let b be s(0). Calculate the greatest common divisor of 30 and b.
15
Suppose j + 98 = 28. Let a = -64 - j. Calculate the highest common factor of 3 and a.
3
Suppose 6 + 6 = -3*g. Let s be ((-2)/g + 0)*2. Suppose 38 = 2*m - 4*u, m + 6*u - 2*u - s = 0. What is the greatest common divisor of m and 13?
13
Suppose w + n = 6, 21*n - 24*n = -2*w + 27. What is the greatest common divisor of w and 261?
9
Let l be 4 + 0/(0 - -2). Suppose -c - l = c. Let f be (-4624)/(-14) - c/(-7). What is the highest common fa